e prime factors of 51439453?
13, 3956881
What are the prime factors of 1738672?
2, 13, 643
What are the prime factors of 313816694?
2, 2917, 53791
What are the prime factors of 509162293?
23, 113, 195907
List the prime factors of 486381274.
2, 67, 251, 14461
List the prime factors of 24907976.
2, 3113497
What are the prime factors of 269194661?
127, 2119643
List the prime factors of 98701259.
139, 710081
What are the prime factors of 2360592655?
5, 59, 8002009
List the prime factors of 136589374.
2, 53, 71, 18149
List the prime factors of 578757570.
2, 3, 5, 19291919
What are the prime factors of 389853451?
13, 157, 251, 761
What are the prime factors of 22979205?
3, 5, 691, 739
What are the prime factors of 1122080042?
2, 561040021
List the prime factors of 104278713.
3, 7, 11, 64489
What are the prime factors of 155952977?
53, 1087, 2707
What are the prime factors of 2406877267?
11777, 204371
List the prime factors of 53377912.
2, 7, 401, 2377
What are the prime factors of 45526666?
2, 227, 100279
List the prime factors of 86146125.
3, 5, 13, 41, 431
List the prime factors of 2634948362.
2, 1201, 1096981
What are the prime factors of 135885449?
7, 23, 359, 2351
List the prime factors of 44573045.
5, 11, 810419
What are the prime factors of 627298152?
2, 3, 13, 2010571
What are the prime factors of 943730344?
2, 117966293
What are the prime factors of 4856333689?
23, 173, 1220491
What are the prime factors of 700917963?
3, 233639321
List the prime factors of 65319283.
19, 3437857
What are the prime factors of 347220526?
2, 173610263
List the prime factors of 66573276.
2, 3, 7, 11, 109, 661
What are the prime factors of 351188723?
19, 18483617
List the prime factors of 5849840891.
61, 757, 126683
List the prime factors of 81464913.
3, 19, 379, 419
List the prime factors of 9213514.
2, 443, 10399
List the prime factors of 195739686.
2, 3, 1399, 2591
What are the prime factors of 429341823?
3, 15901549
List the prime factors of 3762714641.
7, 257, 653, 3203
List the prime factors of 5100211984.
2, 7, 45537607
What are the prime factors of 26024948?
2, 29, 157, 1429
List the prime factors of 105041275.
5, 149, 163, 173
What are the prime factors of 10026810?
2, 3, 5, 111409
List the prime factors of 37224656.
2, 7, 53, 6271
List the prime factors of 317408134.
2, 3251, 48817
What are the prime factors of 3542127229?
3542127229
List the prime factors of 1482963873.
3, 17, 2297, 12659
What are the prime factors of 180107836?
2, 45026959
What are the prime factors of 27192962?
2, 17, 683, 1171
What are the prime factors of 16837038?
2, 3, 17, 18341
List the prime factors of 665210934.
2, 3, 1873, 6577
List the prime factors of 52432452.
2, 3, 113, 12889
What are the prime factors of 3832058824?
2, 11, 547, 79609
List the prime factors of 20045902.
2, 29, 31, 11149
What are the prime factors of 372476296?
2, 563, 82699
What are the prime factors of 274082869?
274082869
List the prime factors of 3885253648.
2, 43, 5647171
List the prime factors of 268911973.
11, 61, 36433
What are the prime factors of 6264767756?
2, 13, 2099, 57397
List the prime factors of 22323053.
22323053
List the prime factors of 88428323.
88428323
What are the prime factors of 391103306?
2, 11, 193, 92111
What are the prime factors of 97321206?
2, 3, 79, 205319
List the prime factors of 41035669.
41035669
What are the prime factors of 70436239?
1223, 57593
List the prime factors of 3878998172.
2, 7, 47, 421081
What are the prime factors of 14363970?
2, 3, 5, 521, 919
List the prime factors of 81024690.
2, 3, 5, 2700823
List the prime factors of 117832900.
2, 5, 43, 67, 409
List the prime factors of 1084307400.
2, 3, 5, 11, 23, 2381
List the prime factors of 22424667.
3, 7474889
What are the prime factors of 156206926?
2, 89, 877567
What are the prime factors of 96543602?
2, 41, 61, 19301
List the prime factors of 3106208976.
2, 3, 13, 67, 74297
What are the prime factors of 101611728?
2, 3, 467, 1511
What are the prime factors of 1647460738?
2, 7, 11, 193, 5039
What are the prime factors of 51161602?
2, 17, 37, 67, 607
List the prime factors of 248901547.
647, 384701
List the prime factors of 452401763.
11, 41127433
What are the prime factors of 23880051?
3, 13, 53, 3851
What are the prime factors of 114335680?
2, 5, 431, 829
List the prime factors of 1918446379.
17, 103, 127, 8627
What are the prime factors of 38891542?
2, 79, 131, 1879
What are the prime factors of 72251720?
2, 5, 53, 173, 197
List the prime factors of 288451185.
3, 5, 11, 1748189
List the prime factors of 1697541026.
2, 257, 383, 8623
List the prime factors of 301394287.
301394287
What are the prime factors of 43276637?
2269, 19073
List the prime factors of 7715583346.
2, 19, 203041667
What are the prime factors of 2524487913?
3, 17, 113, 151, 967
What are the prime factors of 874567739?
19, 46029881
List the prime factors of 184332947.
179, 241, 4273
What are the prime factors of 898388102?
2, 4987, 90073
What are the prime factors of 591261062?
2, 7, 173, 244121
What are the prime factors of 78925726?
2, 11, 43, 83431
List the prime factors of 825929756.
2, 206482439
What are the prime factors of 484129782?
2, 3, 26896099
List the prime factors of 589128504.
2, 3, 29, 37, 22877
List the prime factors of 23868343.
251, 95093
List the prime factors of 196571313.
3, 2273, 3203
List the prime factors of 8646201638.
2, 227, 19044497
What are the prime factors of 3260914102?
2, 19, 23, 499, 7477
List the prime factors of 461084490.
2, 3, 5, 251, 20411
What are the prime factors of 736660823?
736660823
List the prime factors of 95303311.
41, 2324471
What are the prime factors of 121030774?
2, 37, 1635551
What are the prime factors of 942284099?
41, 22982539
What are the prime factors of 434325890?
2, 5, 43432589
List the prime factors of 81208775.
5, 3248351
List the prime factors of 147737901.
3, 19, 23, 112691
What are the prime factors of 17937300?
2, 3, 5, 59791
What are the prime factors of 195395278?
2, 13, 19, 395537
What are the prime factors of 364108522?
2, 2089, 87149
List the prime factors of 146675193.
3, 7, 19, 43, 83, 103
What are the prime factors of 114713701?
3119, 36779
List the prime factors of 1792744517.
7321, 244877
List the prime factors of 100908224.
2, 31, 181, 281
List the prime factors of 1896391084.
2, 7, 29, 2777
What are the prime factors of 63257400?
2, 3, 5, 113, 311
List the prime factors of 51499319.
51499319
List the prime factors of 51172333.
51172333
What are the prime factors of 12980366?
2, 7, 47, 19727
What are the prime factors of 47873164?
2, 103, 131, 887
List the prime factors of 1756252559.
1756252559
List the prime factors of 629367179.
7, 41, 2192917
What are the prime factors of 6702238?
2, 43, 77933
List the prime factors of 208305765.
3, 5, 4629017
List the prime factors of 484167118.
2, 242083559
What are the prime factors of 141483189?
3, 23, 2050481
What are the prime factors of 236906064?
2, 3, 541, 3041
List the prime factors of 1910098790.
2, 5, 31, 6161609
List the prime factors of 24077259.
3, 89, 30059
What are the prime factors of 213102762?
2, 3, 35517127
What are the prime factors of 3076880168?
2, 384610021
What are the prime factors of 566353?
43, 13171
What are the prime factors of 272032624?
2, 17002039
What are the prime factors of 63961757?
4919, 13003
List the prime factors of 274706549.
13, 23, 918751
What are the prime factors of 7478901862?
2, 3739450931
List the prime factors of 108197384.
2, 17, 47, 16927
What are the prime factors of 268973591?
79, 3404729
List the prime factors of 2103221234.
2, 1051610617
List the prime factors of 12799030.
2, 5, 1093, 1171
List the prime factors of 4839136298.
2, 14051, 172199
What are the prime factors of 62681499?
3, 17, 29, 277
What are the prime factors of 168115555?
5, 79, 425609
List the prime factors of 47606227.
83, 573569
List the prime factors of 361831861.
361831861
What are the prime factors of 2775960808?
2, 491, 769, 919
What are the prime factors of 13551906?
2, 3, 2258651
What are the prime factors of 22791610?
2, 5, 2279161
List the prime factors of 683002068.
2, 3, 7, 8130977
List the prime factors of 238603343.
11, 37, 313, 1873
List the prime factors of 348584548.
2, 13, 37, 103